hat is the hundreds digit of 2045?
0
What is the units digit of 6585?
5
What is the hundreds digit of 462?
4
What is the units digit of 2125?
5
What is the units digit of 4092?
2
What is the tens digit of 6490?
9
What is the hundreds digit of 1144?
1
What is the tens digit of 11650?
5
What is the tens digit of 33022?
2
What is the hundreds digit of 1757?
7
What is the units digit of 1601?
1
What is the units digit of 2978?
8
What is the units digit of 83485?
5
What is the tens digit of 1035?
3
What is the units digit of 985?
5
What is the thousands digit of 6273?
6
What is the hundreds digit of 127?
1
What is the hundreds digit of 18390?
3
What is the units digit of 26674?
4
What is the ten thousands digit of 127671?
2
What is the units digit of 4791?
1
What is the units digit of 1745?
5
What is the tens digit of 81?
8
What is the thousands digit of 44889?
4
What is the thousands digit of 2972?
2
What is the units digit of 143183?
3
What is the thousands digit of 29357?
9
What is the units digit of 1053?
3
What is the thousands digit of 1119?
1
What is the tens digit of 2777?
7
What is the units digit of 3507?
7
What is the hundreds digit of 29823?
8
What is the thousands digit of 18156?
8
What is the thousands digit of 2777?
2
What is the thousands digit of 38597?
8
What is the hundreds digit of 2982?
9
What is the hundreds digit of 176517?
5
What is the thousands digit of 15611?
5
What is the thousands digit of 5704?
5
What is the thousands digit of 1971?
1
What is the thousands digit of 6157?
6
What is the tens digit of 93062?
6
What is the hundreds digit of 1571?
5
What is the units digit of 56231?
1
What is the ten thousands digit of 43974?
4
What is the units digit of 4724?
4
What is the tens digit of 4387?
8
What is the hundreds digit of 30405?
4
What is the thousands digit of 30849?
0
What is the hundreds digit of 1880?
8
What is the thousands digit of 1521?
1
What is the units digit of 294?
4
What is the thousands digit of 3738?
3
What is the ten thousands digit of 13062?
1
What is the hundreds digit of 2972?
9
What is the tens digit of 86?
8
What is the tens digit of 2027?
2
What is the ten thousands digit of 49436?
4
What is the tens digit of 41721?
2
What is the hundreds digit of 2658?
6
What is the units digit of 701?
1
What is the hundreds digit of 359?
3
What is the ten thousands digit of 15295?
1
What is the units digit of 800?
0
What is the thousands digit of 59694?
9
What is the hundreds digit of 82142?
1
What is the thousands digit of 10973?
0
What is the tens digit of 785?
8
What is the ten thousands digit of 62916?
6
What is the tens digit of 460?
6
What is the hundreds digit of 182?
1
What is the units digit of 341?
1
What is the tens digit of 2599?
9
What is the units digit of 193?
3
What is the tens digit of 277?
7
What is the hundreds digit of 38065?
0
What is the units digit of 16992?
2
What is the units digit of 2721?
1
What is the ten thousands digit of 49266?
4
What is the ten thousands digit of 23560?
2
What is the thousands digit of 9783?
9
What is the units digit of 5942?
2
What is the thousands digit of 5462?
5
What is the hundreds digit of 13148?
1
What is the hundreds digit of 80649?
6
What is the units digit of 19849?
9
What is the units digit of 1141?
1
What is the hundreds digit of 68684?
6
What is the hundreds digit of 7385?
3
What is the ten thousands digit of 61670?
6
What is the units digit of 7011?
1
What is the hundreds digit of 1728?
7
What is the tens digit of 4733?
3
What is the units digit of 119781?
1
What is the tens digit of 492?
9
What is the thousands digit of 75384?
5
What is the thousands digit of 2144?
2
What is the hundreds digit of 6145?
1
What is the thousands digit of 29013?
9
What is the thousands digit of 15453?
5
What is the tens digit of 15889?
8
What is the hundreds digit of 600?
6
What is the units digit of 1030?
0
What is the units digit of 790?
0
What is the hundreds digit of 18845?
8
What is the units digit of 24058?
8
What is the tens digit of 3348?
4
What is the thousands digit of 35475?
5
What is the hundreds digit of 9965?
9
What is the units digit of 63942?
2
What is the hundreds digit of 1165?
1
What is the thousands digit of 1124?
1
What is the tens digit of 675?
7
What is the hundreds digit of 61477?
4
What is the tens digit of 323?
2
What is the tens digit of 3320?
2
What is the units digit of 29436?
6
What is the units digit of 1107?
7
What is the thousands digit of 1238?
1
What is the tens digit of 10765?
6
What is the tens digit of 2825?
2
What is the hundreds digit of 7196?
1
What is the tens digit of 2567?
6
What is the tens digit of 51775?
7
What is the tens digit of 1779?
7
What is the hundreds digit of 16860?
8
What is the tens digit of 747?
4
What is the units digit of 24711?
1
What is the units digit of 83729?
9
What is the units digit of 581?
1
What is the units digit of 69116?
6
What is the units digit of 719?
9
What is the units digit of 12607?
7
What is the thousands digit of 1095?
1
What is the hundreds digit of 536?
5
What is the hundreds digit of 765?
7
What is the tens digit of 11503?
0
What is the tens digit of 7014?
1
What is the hundreds digit of 39203?
2
What is the tens digit of 9790?
9
What is the tens digit of 2117?
1
What is the units digit of 6889?
9
What is the hundreds digit of 14324?
3
What is the hundreds digit of 473?
4
What is the tens digit of 28397?
9
What is the tens digit of 14827?
2
What is the thousands digit of 2106?
2
What is the thousands digit of 9456?
9
What is the units digit of 1074?
4
What is the hundreds digit of 1476?
4
What is the hundreds digit of 16901?
9
What is the units digit of 2174?
4
What is the tens digit of 1777?
7
What is the units digit of 17058?
8
What is the units digit of 16133?
3
What is the units digit of 9118?
8
What is the tens digit of 442?
4
What is the thousands digit of 5156?
5
What is the tens digit of 1894?
9
What is the thousands digit of 123871?
3
What is the hundreds digit of 8502?
5
What is the units digit of 146941?
1
What is the thousands digit of 6776?
6
What is the tens digit of 54?
5
What is the thousands digit of 34071?
4
What is the tens digit of 1114?
1
What is the units digit of 2110?
0
What is the tens digit of 4431?
3
What is the ten thousands digit of 20893?
2
What is the hundreds digit of 56126?
1
What is the hundreds digit of 2063?
0
What is the units digit of 1411?
1
What is the tens digit of 7310?
1
What is the units digit of 1375?
5
What is the tens digit of 2362?
6
What is the thousands digit of 15132?
5
What is the units digit of 36557?
7
What is the hundreds digit of 973?
9
What is the hundreds digit of 2831?
8
What is the hundreds digit of 2639?
6
What is the hundreds digit of 102?
1
What is the hundreds digit of 19295?
2
What is the hundreds digit of 638?
6
What is the thousands digit of 188375?
8
What is the thousands digit of 64031?
4
What is the tens digit of 1602?
0
What is the thousands digit of 4811?
4
What is the hundreds digit of 3770?
7
What is the thousands digit of 59200?
9
What is the tens digit of 2432?
3
What is the thousands digit of 2813?
2
What is the units digit of 39232?
2
What is the hundreds digit of 44284?
2
What is the hundreds digit of 891?
8
What is the tens digit of 1122?
2
What is the hundreds digit of 135080?
0
What is the thousands digit of 1050?
1
What is the tens digit of 1343?
4
What is the hundreds digit of 77397?
3
What is the tens digit of 1311?
1
What is the thousands digit of 11632?
1
What is the thousands digit of 15639?
5
What is the thousands digit of 2971?
2
What is the units digit of 327?
7
What is the units digit of 686?
6
What is the units digit of 3985?
5
What is the tens digit of 901?
0
What is the thousands digit of 5884?
5
What is the tens digit of 4317?
1
What is the hundreds digit of 8939?
9
What is the units digit of 504?
4
What is the units digit of 64245?
5
What is the tens digit of 11292?
9
What is the hundred thousands digit of 126209?
1
What is the thousands digit of 119414?
9
What is the units digit of 2043?
3
What is the hundreds digit of 3553?
5
What is the tens digit of 53659?
5
What is the units digit of 7311?
1
What is the units digit of 24284?
4
What is the thousands digit of 31041?
1
What is the unit